sor of 55 and l?
5
Let k(h) = -h**3 + 11*h**2 + 18*h - 15. Let c be k(10). Calculate the highest common factor of 5 and c.
5
Suppose 16 = 5*v - 4. Suppose 155 = 2*r + 5*c, 3*r - 290 = -0*c + v*c. What is the highest common divisor of r and 10?
10
Let b = -427 + 931. What is the highest common divisor of 21 and b?
21
Suppose -x = -2*x + 60. Let y(b) = -12*b**3 + 13*b**2 + 15*b + 2. Let i be y(-1). Calculate the greatest common divisor of i and x.
12
Suppose 24*u - 7*u - 24140 = 0. What is the greatest common factor of u and 426?
142
Let d(z) = -z**3 - 18*z**2 + 19*z. Suppose 5*q = -102 + 7. Let c be d(q). Suppose l = -c - 1, 5*m - l = 121. Calculate the greatest common factor of m and 16.
8
Let p(q) = 2*q**2 + 6*q - 6. Suppose -10 = -5*i + 2*w, 0*w = -5*i - 3*w + 35. Let k be p(i). What is the greatest common divisor of 10 and k?
10
Suppose -w + 1 = -2*w. Let c be (1 - 14*1)*w. Let h = 1295 + -1178. What is the highest common divisor of h and c?
13
Let w be (-1)/(-3)*(-21 - -34 - -29). Suppose 2*a + 4*k - 156 = 0, 5*a - 202 = 2*a + 2*k. What is the highest common factor of a and w?
14
Let f(q) = 62*q + 222. Let r be f(-3). Let j = 46 - -29. Let d = 165 - j. What is the greatest common factor of d and r?
18
Suppose -20*q = -24*q + 408. Suppose -x - q = -7*x. What is the highest common divisor of 85 and x?
17
Suppose -3*n + 70 = -50. Suppose 0 = 2*k - 5*k + 30. What is the greatest common factor of k and n?
10
Suppose -260*l = -259*l - 2354. Calculate the greatest common factor of 22 and l.
22
Let c(l) = 2*l**3 - 9*l**2 + 2*l + 8. Let q be c(-4). Let m be q/(-7) + 2 + (-65)/35. What is the highest common factor of 39 and m?
39
Suppose 0 = -4*w, -6*i = -3*i + w + 1695. Let s(j) = 906*j**3 + j**2 + 2*j + 1. Let l be s(-1). Let t = i - l. Calculate the greatest common factor of t and 31.
31
Let n = 47 + -44. Suppose 2*v - 128 = -n*g, 5*v - 4*g - 14 = 306. Calculate the highest common divisor of v and 8.
8
Let v(z) = -3*z**3 + z**2 + 2*z + 1. Let s be v(-2). Calculate the highest common factor of 525 and s.
25
Suppose 2*v = -u + 30, 2*u = v - 2*u - 33. Suppose -3*m = -1 - v. Let h be (-76)/(-14) - 1 - 24/56. What is the greatest common factor of h and m?
2
Suppose 5*q = 3*d - 4*d + 7, 0 = -2*d + q + 3. Let i(f) = 51*f + 3. Let x be i(d). What is the greatest common divisor of 35 and x?
35
Let j be 2/7 + 156/91 + 70. What is the highest common factor of j and 252?
36
Let d(j) = 45 + 5*j**2 + 2*j + j**2 - j - 5*j**2. Let a be d(0). Suppose -3*r + 0*q + q = -50, 3*r + 2*q = 62. What is the greatest common factor of r and a?
9
Suppose 0 = -8*p - 3*p + 616. Calculate the highest common factor of 7 and p.
7
Let t(n) = -n + 3. Let g be t(-4). Suppose 17*z + 896 = 352. Let b = z + 81. What is the greatest common divisor of b and g?
7
Let c be -2*((-88)/20 - 4/(-10)). Let m be ((-60)/c)/((-3)/24 + 0). Let f be 10/((-6)/(-9)*1). What is the highest common factor of f and m?
15
Suppose -8 = -2*r - 28. Let o = 43 + r. Suppose i = -4*f + 44, -f = 4*f + 4*i - 55. Calculate the highest common divisor of o and f.
11
Suppose 9*x + 4*s + 443 = 12*x, 257 = 2*x + 5*s. Calculate the highest common divisor of 3 and x.
3
Suppose -s = -3*o + 5, -5*s = -5*o + 3*o - 27. Suppose 0 + 21 = s*h. Calculate the greatest common factor of 27 and h.
3
Suppose 16038 = -2929*u + 2940*u. What is the highest common factor of u and 108?
54
Let v(o) = 467*o**2 + 6*o - 3. Let j be v(1). What is the highest common divisor of 10 and j?
10
Suppose -3*a + 3*f + 93 = 0, -2*a - 4*f + 0*f = -44. Calculate the highest common factor of 182 and a.
14
Suppose 0 = -47*u + 28*u + 361. Calculate the highest common factor of u and 1843.
19
Let k(s) = s**3 + 6*s**2 + 2. Let b be k(-6). Let h be b - (-3)/((-3)/(-133)). What is the highest common divisor of 15 and h?
15
Suppose 500*u - 502*u = -676. Calculate the highest common divisor of u and 13.
13
Let c be 2/(-6) - (280/6 - 0). Let q = c - -61. What is the greatest common divisor of 70 and q?
14
Let z be (-9)/21 - 162/14. Let l be (-174)/(-9) - 8/z. Calculate the highest common divisor of l and 20.
20
Let m = -476 - -506. What is the greatest common divisor of m and 160?
10
Suppose 0 = 3*q - 1113 - 12. Suppose 3*f + q - 114 = 0. Let b = 123 + f. What is the greatest common factor of b and 24?
12
Let k = 88 + -33. Calculate the greatest common divisor of 11 and k.
11
Suppose -5*o + 500 = -5*z, 3*z + 2*o + 304 = 6*o. Let q = z + 109. What is the highest common divisor of q and 143?
13
Suppose -185 = -d - 5*p, 18 - 3 = 3*p. Calculate the highest common factor of 20 and d.
20
Let x = 15 + 4. Let n be (-114)/(-32)*(-12)/(-9)*8. Calculate the greatest common factor of n and x.
19
Let w(s) = s**3 + 9*s**2 + 4*s + 49. Let h be w(-9). What is the greatest common factor of 221 and h?
13
Let g(r) = r**2 - 6*r + 9. Let s be g(5). Let i(m) be the first derivative of m**3/3 - 8*m + 3. Let l be i(-6). Calculate the greatest common factor of s and l.
4
Let w be 3320/30 + 3/(54/(-12)). Let t be (-2)/9 - 6/(-27). Suppose -3*v - 2*v + 50 = t. Calculate the greatest common divisor of w and v.
10
Let z(t) = 54*t + 24. Let u be z(2). Let a = u - 127. Calculate the greatest common divisor of 35 and a.
5
Let d(p) = 33*p**2 - 10*p - 86. Let x be d(-6). What is the highest common factor of x and 14?
14
Suppose 2*d + 2 = -6, 268 = 4*p - 4*d. Suppose -33 - 15 = -4*f. Suppose 2*m + f*m = 98. What is the highest common divisor of p and m?
7
Suppose q = -4*i + 4 - 1, 23 = 3*q - 2*i. Suppose 4*d = -4*v - 3 + 15, -5*v + 39 = -d. What is the greatest common divisor of v and q?
7
Let p be (3*(-332)/(-24))/(1/6). What is the greatest common divisor of 166 and p?
83
Let v(d) = -68*d + 3. Let b(x) = x. Let u(q) = 5*b(q) - v(q). Let f be u(-1). Let j = f - -196. Calculate the greatest common divisor of j and 30.
30
Suppose 22*q - 23*q + 5 = 0. Suppose -q*l + 74 = -26. Calculate the greatest common divisor of 12 and l.
4
Let g = 13 + -8. Let y(q) = -20*q + 545. Let s be y(27). What is the highest common divisor of s and g?
5
Let r = 254 - 116. Calculate the greatest common divisor of 18 and r.
6
Suppose 0 = -82*c + 120*c - 1064. Let k = -101 - -241. Calculate the highest common factor of c and k.
28
Suppose -5*s + 2*x + 470 = -0*s, -2*x - 374 = -4*s. Suppose 2*j = 5*h - 308, 5*h - s - 188 = -4*j. Calculate the highest common factor of h and 20.
20
Suppose -2*k - 3*k = r - 12, 6 = 3*r. Let v be 1/k*(-7 + 9). Suppose 2*l + 4*h = -4, -l + 5*h = 4*l - 20. Calculate the greatest common divisor of l and v.
1
Suppose 3*g + 34 = 2*h + 12, -3*g - 37 = -5*h. Suppose h*j + 30 = 7*j. Let p be (-10)/(-4) + j/30. Calculate the greatest common factor of 6 and p.
3
Suppose 11*y - 48 = 832. What is the greatest common factor of y and 120?
40
Let x(s) = s**3 + s**2 + 2*s + 350. Let z be x(0). Suppose -5*i - 5*j + 225 = 0, 0 = 3*i - 3*j + j - 160. Calculate the highest common divisor of i and z.
50
Let i = -160 + 178. What is the greatest common divisor of 504 and i?
18
Suppose 20*c - 22*c = 14. Let a(z) = -z - 15. Let u(r) = 2*r + 29. Let h(p) = 5*a(p) + 3*u(p). Let j be h(c). What is the highest common factor of 25 and j?
5
Let c(z) = 14*z + 76. Let i be c(-5). What is the greatest common divisor of 10 and i?
2
Let m(r) be the second derivative of r**4/4 - 7*r**3/6 - 6*r**2 - 2*r. Let y be m(-4). What is the greatest common factor of 96 and y?
32
Let i be 4*-10*48/(-60). Suppose 0 = 5*w - w - 320. Calculate the greatest common factor of i and w.
16
Let n be -1 + 6 - (1 - 0). Suppose -5*l + u = -0*u - 321, n*u = -3*l + 211. Let g = 47 + -21. Calculate the greatest common divisor of l and g.
13
Let q(u) = -u**3 - 2*u. Suppose -2 - 6 = 4*p. Let b be q(p). Calculate the highest common divisor of b and 180.
12
Let u be (-18)/30 + (-56)/(-10). Suppose -u*s = -4*l - 7, 4*l + 16 = -7*s + 3*s. Let h be (-10)/(-6) + (-1)/l. What is the greatest common divisor of h and 16?
2
Let p(h) = -15*h**2 - 13*h - 6. Let c be p(-6). Let d = -826 - c. Let s = d - -619. Calculate the highest common divisor of 29 and s.
29
Let n be 4/1 - 14 - -1. Let m be (4 + -3 + n)/(-1). Let l = 71 - 47. What is the greatest common divisor of l and m?
8
Let b(w) = -16*w + 821. Let j be b(50). Let k(z) = 15*z**2 - 1. Let s be k(1). Calculate the